
12
What is the greatest common factor of 13 and 2119?
13
What is the highest common factor of 318 and 1?
1
What is the highest common factor of 610 and 50?
10
Calculate the greatest common factor of 56 and 154.
14
What is the greatest common divisor of 80 and 265?
5
What is the highest common divisor of 259 and 29008?
259
What is the highest common factor of 26 and 1222?
26
Calculate the greatest common factor of 1430 and 520.
130
What is the greatest common factor of 8496 and 1652?
236
Calculate the highest common divisor of 74880 and 117.
117
Calculate the highest common factor of 34 and 2006.
34
Calculate the highest common divisor of 5295 and 15.
15
What is the greatest common factor of 128 and 57344?
128
Calculate the greatest common divisor of 16840 and 40.
40
What is the greatest common divisor of 390 and 650?
130
Calculate the highest common divisor of 148 and 6586.
74
Calculate the greatest common divisor of 53 and 2650.
53
Calculate the highest common divisor of 39 and 65.
13
What is the greatest common factor of 79 and 69599?
79
Calculate the highest common divisor of 1500 and 180.
60
Calculate the highest common factor of 291 and 1.
1
Calculate the greatest common factor of 21825 and 18.
9
What is the greatest common factor of 26 and 13?
13
Calculate the highest common divisor of 7 and 3.
1
Calculate the greatest common factor of 195 and 105.
15
Calculate the greatest common divisor of 23 and 437.
23
What is the greatest common divisor of 5735 and 74?
37
Calculate the highest common divisor of 1629 and 5611.
181
What is the highest common divisor of 14 and 28098?
14
Calculate the greatest common factor of 475 and 50.
25
Calculate the highest common factor of 833 and 49.
49
What is the highest common factor of 3351 and 6?
3
Calculate the greatest common divisor of 150 and 510.
30
What is the greatest common factor of 592 and 37?
37
Calculate the greatest common divisor of 400 and 10.
10
What is the highest common factor of 1880 and 10?
10
What is the highest common factor of 81 and 1269?
27
What is the greatest common factor of 55 and 440?
55
What is the highest common factor of 143 and 605?
11
Calculate the greatest common divisor of 528 and 2416.
16
Calculate the highest common factor of 144 and 8568.
72
Calculate the greatest common factor of 315 and 504.
63
What is the highest common divisor of 85 and 60?
5
Calculate the highest common divisor of 44 and 11.
11
What is the greatest common divisor of 10 and 290?
10
What is the greatest common divisor of 75 and 30?
15
What is the greatest common factor of 12167 and 23?
23
Calculate the highest common factor of 4018 and 41.
41
What is the greatest common divisor of 90 and 135?
45
Calculate the greatest common factor of 90 and 54.
18
What is the highest common divisor of 82 and 46?
2
What is the greatest common divisor of 11049 and 348?
87
Calculate the greatest common divisor of 18 and 1074.
6
Calculate the greatest common divisor of 90 and 1314.
18
What is the greatest common divisor of 2752 and 43?
43
What is the greatest common factor of 64 and 164?
4
Calculate the greatest common divisor of 1 and 2207.
1
What is the highest common divisor of 1684 and 4?
4
Calculate the greatest common factor of 8376 and 16.
8
Calculate the highest common divisor of 196 and 35.
7
Calculate the greatest common factor of 803 and 66.
11
What is the highest common factor of 1649 and 97?
97
What is the greatest common divisor of 6 and 678?
6
Calculate the greatest common factor of 385 and 155.
5
Calculate the highest common divisor of 98 and 1778.
14
What is the highest common factor of 68 and 204?
68
What is the highest common factor of 10 and 320?
10
Calculate the greatest common divisor of 34 and 272.
34
What is the greatest common factor of 77 and 7392?
77
What is the greatest common factor of 17 and 2227?
17
Calculate the highest common factor of 875 and 595.
35
Calculate the greatest common divisor of 36 and 168.
12
Calculate the greatest common divisor of 16 and 152.
8
Calculate the highest common divisor of 10 and 64.
2
What is the greatest common factor of 64 and 56?
8
Calculate the highest common factor of 48 and 384.
48
What is the greatest common factor of 2025 and 75?
75
Calculate the highest common divisor of 319 and 22.
11
Calculate the highest common divisor of 336 and 21.
21
Calculate the greatest common factor of 1950 and 78.
78
What is the highest common divisor of 7943 and 235?
47
What is the greatest common factor of 12 and 660?
12
What is the highest common divisor of 3016 and 58?
58
Calculate the greatest common divisor of 61 and 549.
61
What is the highest common divisor of 583 and 106?
53
Calculate the greatest common factor of 264 and 88.
88
What is the greatest common divisor of 276 and 92?
92
What is the greatest common divisor of 15 and 230?
5
Calculate the greatest common factor of 285 and 165.
15
What is the highest common divisor of 40 and 16?
8
Calculate the highest common factor of 10 and 540.
10
What is the highest common factor of 272 and 340?
68
Calculate the highest common factor of 873 and 18.
9
Calculate the highest common factor of 144 and 666.
18
What is the highest common divisor of 3131 and 93?
31
Calculate the highest common factor of 64 and 5728.
32
Calculate the greatest common factor of 137 and 9.
1
Calculate the greatest common divisor of 2919 and 21.
21
What is the highest common divisor of 80 and 12260?
20
Calculate the highest common factor of 6 and 18.
6
What is the greatest common factor of 488 and 24?
8
What is the greatest common factor of 475 and 800?
25
Calculate the greatest common factor of 50 and 950.
50
Calculate the greatest common factor of 10 and 73070.
10
Calculate the highest common divisor of 2 and 8.
2
What is the greatest common divisor of 752 and 5828?
188
What is the highest common factor of 835 and 10?
5
Calculate the greatest common divisor of 14049 and 63.
63
What is the greatest common divisor of 121 and 10406?
121
What is the highest common factor of 392 and 49?
49
What is the highest common factor of 20 and 3020?
20
What is the greatest common divisor of 315 and 1155?
105
Calculate the greatest common divisor of 54 and 1458.
54
Calculate the greatest common factor of 1818 and 288.
18
What is the greatest common divisor of 1134 and 2916?
162
What is the greatest common factor of 668 and 4?
4
What is the greatest common factor of 175 and 7175?
175
Calculate the greatest common divisor of 49752 and 72.
72
What is the greatest common factor of 408 and 3696?
24
Calculate the highest common factor of 10240 and 260.
20
Calculate the highest common factor of 4 and 18.
2
What is the greatest common factor of 13 and 325?
13
Calculate the greatest common divisor of 8 and 40.
8
What is the highest common divisor of 75 and 1635?
15
What is the highest common divisor of 6981 and 78?
39
Calculate the greatest common divisor of 704 and 32.
32
Calculate the greatest common factor of 9694 and 74.
74
What is the greatest common factor of 96 and 160?
32
Calculate the greatest common factor of 12565 and 105.
35
What is the highest common factor of 592 and 37?
37
What is the greatest common divisor of 50 and 560?
10
Calculate the highest common divisor of 418 and 76.
38
Calculate the greatest common divisor of 62 and 73346.
62
Calculate the highest common divisor of 14 and 1414.
14
What is the highest common divisor of 1118 and 52?
26
Calculate the greatest common factor of 1150 and 50.
50
Calculate the greatest common factor of 61240 and 10.
10
What is the greatest common factor of 189 and 261?
9
What is the highest common divisor of 232 and 29?
29
Calculate the highest common factor of 57 and 1824.
57
Calculate the highest common divisor of 94 and 423.
47
What is the highest common factor of 20 and 65?
5
Calculate the greatest common divisor of 21 and 14091.
21
Calculate the highest common divisor of 14463 and 18.
9
What is the greatest common factor of 555 and 435?
15
Calculate the highest common factor of 6 and 624.
6
Calculate the greatest common factor of 2210 and 195.
65
What is the highest common divisor of 91 and 39?
13
What is the highest common factor of 152 and 190?
38
Calculate the highest common divisor of 3969 and 98.
49
Calc